0?
209
Calculate the remainder when 8674 is divided by 12.
10
Calculate the remainder when 13855 is divided by 37.
17
What is the remainder when 10548 is divided by 173?
168
Calculate the remainder when 496199 is divided by 529.
526
What is the remainder when 133599 is divided by 57?
48
Calculate the remainder when 3301 is divided by 1092.
25
What is the remainder when 452825 is divided by 33?
32
Calculate the remainder when 401633 is divided by 318.
317
Calculate the remainder when 34274 is divided by 5711.
8
Calculate the remainder when 4801 is divided by 403.
368
Calculate the remainder when 1647 is divided by 1568.
79
Calculate the remainder when 1413 is divided by 1291.
122
What is the remainder when 68944 is divided by 113?
14
What is the remainder when 32655 is divided by 563?
1
Calculate the remainder when 5503 is divided by 97.
71
What is the remainder when 917 is divided by 176?
37
Calculate the remainder when 6000348 is divided by 2272.
2268
Calculate the remainder when 123900 is divided by 103.
94
Calculate the remainder when 837 is divided by 29.
25
What is the remainder when 10609 is divided by 10255?
354
What is the remainder when 14351 is divided by 55?
51
What is the remainder when 1982 is divided by 960?
62
Calculate the remainder when 6490 is divided by 585.
55
What is the remainder when 3455938 is divided by 1205?
1203
What is the remainder when 127782 is divided by 835?
27
Calculate the remainder when 2409 is divided by 878.
653
What is the remainder when 2453 is divided by 1079?
295
Calculate the remainder when 49051 is divided by 5.
1
What is the remainder when 268547 is divided by 286?
279
Calculate the remainder when 8900 is divided by 145.
55
What is the remainder when 683 is divided by 157?
55
Calculate the remainder when 600918 is divided by 432.
6
What is the remainder when 22891 is divided by 219?
115
Calculate the remainder when 23288 is divided by 536.
240
What is the remainder when 5762 is divided by 2755?
252
What is the remainder when 6327 is divided by 3093?
141
Calculate the remainder when 616833 is divided by 755.
753
Calculate the remainder when 4198 is divided by 418.
18
What is the remainder when 23856 is divided by 1835?
1
What is the remainder when 126730 is divided by 975?
955
Calculate the remainder when 16480 is divided by 1829.
19
What is the remainder when 98880 is divided by 9?
6
What is the remainder when 2040518 is divided by 336?
326
Calculate the remainder when 13413 is divided by 10.
3
Calculate the remainder when 4354 is divided by 289.
19
What is the remainder when 253573 is divided by 187?
1
Calculate the remainder when 11489 is divided by 1907.
47
What is the remainder when 3155 is divided by 433?
124
What is the remainder when 23742 is divided by 117?
108
Calculate the remainder when 5312 is divided by 270.
182
Calculate the remainder when 45974 is divided by 183.
41
Calculate the remainder when 16089 is divided by 647.
561
What is the remainder when 18643 is divided by 1675?
218
What is the remainder when 171395 is divided by 581?
0
What is the remainder when 2250 is divided by 1856?
394
What is the remainder when 19876 is divided by 70?
66
What is the remainder when 22396 is divided by 183?
70
Calculate the remainder when 291097 is divided by 3.
1
Calculate the remainder when 243616 is divided by 702.
22
Calculate the remainder when 93075 is divided by 51.
0
Calculate the remainder when 15524 is divided by 15490.
34
Calculate the remainder when 171021 is divided by 21374.
29
Calculate the remainder when 12190 is divided by 6091.
8
What is the remainder when 95370 is divided by 110?
0
What is the remainder when 93694 is divided by 8?
6
What is the remainder when 11072 is divided by 19?
14
What is the remainder when 195303 is divided by 135?
93
What is the remainder when 1634411 is divided by 31?
29
Calculate the remainder when 153925 is divided by 153.
7
Calculate the remainder when 886 is divided by 858.
28
Calculate the remainder when 21733 is divided by 10855.
23
What is the remainder when 67659 is divided by 14?
11
Calculate the remainder when 10711 is divided by 1078.
1009
What is the remainder when 909 is divided by 848?
61
What is the remainder when 6745 is divided by 733?
148
Calculate the remainder when 506 is divided by 27.
20
Calculate the remainder when 2763 is divided by 2751.
12
Calculate the remainder when 2003 is divided by 181.
12
What is the remainder when 172253 is divided by 703?
18
What is the remainder when 387 is divided by 65?
62
Calculate the remainder when 5947 is divided by 206.
179
Calculate the remainder when 23824 is divided by 304.
112
What is the remainder when 9770 is divided by 1093?
1026
Calculate the remainder when 326094 is divided by 458.
456
What is the remainder when 51534 is divided by 353?
349
Calculate the remainder when 75809 is divided by 22.
19
What is the remainder when 7538 is divided by 119?
41
What is the remainder when 4633 is divided by 4?
1
What is the remainder when 499280 is divided by 83212?
8
Calculate the remainder when 4907 is divided by 413.
364
What is the remainder when 85919 is divided by 21478?
7
Calculate the remainder when 857010 is divided by 361.
357
Calculate the remainder when 7203 is divided by 205.
28
What is the remainder when 301776 is divided by 136?
128
What is the remainder when 130742 is divided by 1178?
1162
What is the remainder when 196570 is divided by 49131?
46
What is the remainder when 178769 is divided by 34?
31
Calculate the remainder when 33384 is divided by 68.
64
Calculate the remainder when 198586 is divided by 125.
86
What is the remainder when 7859 is divided by 610?
539
What is the remainder when 44625 is divided by 372?
357
What is the remainder when 100098 is divided by 9099?
9
What is the remainder when 7219 is divided by 95?
94
What is the remainder when 3434 is divided by 397?
258
What is the remainder when 97007 is divided by 154?
141
Calculate the remainder when 120123 is divided by 118.
117
What is the remainder when 1206 is divided by 277?
98
What is the remainder when 1148 is divided by 380?
8
Calculate the remainder when 85302 is divided by 242.
118
Calculate the remainder when 280484 is divided by 118.
116
Calculate the remainder when 188438 is divided by 15703.
2
Calculate the remainder when 11431 is divided by 2808.
199
Calculate the remainder when 376717 is divided by 217.
5
Calculate the remainder when 5662 is divided by 199.
90
Calculate the remainder when 72991 is divided by 16.
15
Calculate the remainder when 15868 is divided by 3138.
178
What is the remainder when 1356709 is divided by 57?
52
What is the remainder when 4281 is divided by 63?
60
Calculate the remainder when 2474 is divided by 31.
25
What is the remainder when 8311 is divided by 66?
61
What is the remainder when 28746 is divided by 157?
15
What is the remainder when 61114 is divided by 148?
138
Calculate the remainder when 2299 is divided by 611.
466
Calculate the remainder when 9056 is divided by 118.
88
What is the remainder when 5923 is divided by 211?
15
Calculate the remainder when 1871 is divided by 1598.
273
What is the remainder when 173981 is divided by 542?
541
What is the remainder when 541687 is divided by 270840?
7
Calculate the remainder when 27609 is divided by 4593.
51
Calculate the remainder when 197233 is divided by 444.
97
What is the remainder when 125 is divided by 45?
35
Calculate the remainder when 11598 is divided by 5782.
34
What is the remainder when 261169 is divided by 237?
232
Calculate the remainder when 86573 is divided by 489.
20
What is the remainder when 6904 is divided by 3366?
172
What is the remainder when 2630 is divided by 69?
8
Calculate the remainder when 15837 is divided by 147.
108
What is the remainder when 508029 is divided by 1006?
1005
What is the remainder when 20602 is divided by 224?
218
What is the remainder when 125840 is divided by 237?
230
What is the remainder when 8630 is divided by 8577?
53
What is the remainder when 358 is divided by 19?
16
What is the remainder when 855752 is divided by 164?
0
Calculate the remainder when 21524 is divided by 53.
6
Calculate the remainder when 438 is divided by 4.
2
Calculate the remainder when 3662 is divided by